 - -18861?
18866
In base 11, what is 7542 + -8?
7535
In base 14, what is 5c75c3 + -3?
5c75c0
In base 8, what is -1004 + 564?
-220
In base 11, what is 2 + -3a872?
-3a870
In base 14, what is 8 - -d2c?
d36
In base 6, what is 310 + 244?
554
In base 7, what is -3 + 36340?
36334
In base 13, what is 1629 - 1c?
160a
In base 6, what is -4 - 1423044?
-1423052
In base 14, what is 6d + -46cb?
-465c
In base 15, what is a54 + 58?
aac
In base 5, what is 32300332 + 3?
32300340
In base 15, what is 4320 + 1?
4321
In base 16, what is 7 + dcba?
dcc1
In base 11, what is -1 + -262a7?
-262a8
In base 6, what is -22001522 - -3?
-22001515
In base 15, what is 2 + -37ee?
-37ec
In base 13, what is 6 - -aa53?
aa59
In base 11, what is -5656 + -1?
-5657
In base 15, what is -6ed99 - 0?
-6ed99
In base 7, what is 5 + 265302?
265310
In base 9, what is 868 - 182?
676
In base 5, what is -4400234 + 1?
-4400233
In base 11, what is -159 + 5042?
4994
In base 16, what is 5b91 - -3?
5b94
In base 10, what is -4 + 14545?
14541
In base 5, what is -4 + 1102440?
1102431
In base 13, what is 1 + 5251?
5252
In base 14, what is -1 + 3bd2?
3bd1
In base 2, what is 1111101101111 + -11000000?
1111010101111
In base 3, what is 100022 + -210?
22112
In base 15, what is 13e1 - -2?
13e3
In base 5, what is 22424 - 4003?
13421
In base 2, what is -10110 - 11101111110?
-11110010100
In base 8, what is 120076 + 67?
120165
In base 3, what is -22 - -1001210021?
1001202222
In base 6, what is -20451453 - -2?
-20451451
In base 16, what is 5 + -1f20?
-1f1b
In base 5, what is -13130002 - -3?
-13124444
In base 16, what is 3 - 7847?
-7844
In base 10, what is 37 + -29915?
-29878
In base 14, what is -1 - -3638?
3637
In base 5, what is 44014323 - 22?
44014301
In base 5, what is -4 + -1123243?
-1123302
In base 2, what is -110101011000 - -1101?
-110101001011
In base 15, what is -427d - -7?
-4276
In base 12, what is -a2 - -37?
-67
In base 10, what is 2980 + 4?
2984
In base 15, what is -4 + -115a95?
-115a99
In base 11, what is -126095 + -4?
-126099
In base 14, what is -235 + 21?
-214
In base 3, what is 11020210212 + 102?
11020211021
In base 3, what is -120200221 - 100?
-120201021
In base 16, what is -f6f - -22?
-f4d
In base 2, what is -100100111111 + 1001?
-100100110110
In base 13, what is -3ba + -97?
-484
In base 6, what is 132523 - -10?
132533
In base 11, what is -51565 - -4a?
-51516
In base 10, what is -1 + 157735?
157734
In base 2, what is -111110 + 10001111?
1010001
In base 11, what is -173 - 21604?
-21777
In base 9, what is -80687 + -13?
-80711
In base 12, what is 1 - 22aa25?
-22aa24
In base 14, what is 1 - 154cd?
-154cc
In base 16, what is 25 - -85b?
880
In base 5, what is 232344 + -1042?
231302
In base 14, what is -6aa5c + 7?
-6aa55
In base 8, what is -1154041 - 2?
-1154043
In base 12, what is -1 + -63391?
-63392
In base 8, what is -1 - 4203760?
-4203761
In base 4, what is 112222 - 1010?
111212
In base 14, what is 5 - -2b25a5?
2b25aa
In base 5, what is 112304 + 21340?
134144
In base 4, what is 20 - 322103?
-322023
In base 11, what is 3 + -23a0a?
-23a07
In base 4, what is 1003230 + -32?
1003132
In base 6, what is -1131345 - 14?
-1131403
In base 9, what is 72405 - -23?
72428
In base 8, what is -4 - 3361?
-3365
In base 9, what is -33 - 3827?
-3861
In base 9, what is 4 - 48040?
-48035
In base 14, what is 2ad65 - -6?
2ad6b
In base 11, what is 33 - -5a27?
5a5a
In base 9, what is -253 - -168?
-74
In base 14, what is -1cc9 + -4a?
-1d35
In base 3, what is 21220 - 21120?
100
In base 4, what is -10 + 120000133?
120000123
In base 14, what is -7d59 - 3?
-7d5c
In base 15, what is 16 + -102?
-db
In base 14, what is 838 + 25?
85d
In base 8, what is 3 + -42775?
-42772
In base 14, what is 36a71 - 5?
36a6a
In base 11, what is 55 + 4917?
4971
In base 10, what is 4 + 16324?
16328
In base 6, what is 131521 + 3?
131524
In base 4, what is -3 - 101021030?
-101021033
In base 2, what is -1011110011 + 11001011?
-1000101000
In base 15, what is 20ea6 - -15?
20ebb
In base 11, what is -301a61a + -4?
-301a623
In base 7, what is 441 + 32460?
33231
In base 16, what is -e3 - 34aa?
-358d
In base 13, what is 4623 - 3?
4620
In base 10, what is 23020 - -95?
23115
In base 2, what is 101001 + 10001000?
10110001
In base 8, what is 5 + -61242?
-61235
In base 4, what is -20200210 - -1233?
-20132311
In base 3, what is -101002 + -100101210?
-100202212
In base 12, what is -1 - -6a9b4?
6a9b3
In base 11, what is -6 + 7a11?
7a06
In base 5, what is 14 - -3114231?
3114300
In base 3, what is -210 - -1110202200?
1110201220
In base 14, what is 6 + -3da2?
-3d9a
In base 13, what is -18424 + -2?
-18426
In base 15, what is -2b140a + -1?
-2b140b
In base 15, what is -5 + -603?
-608
In base 15, what is 4b382 - -11?
4b393
In base 3, what is -2000202 - 1012?
-2001221
In base 3, what is -11 - 1012020222?
-1012021010
In base 14, what is 0 + -2550?
-2550
In base 6, what is 2 + -234345?
-234343
In base 10, what is 69 + 1165?
1234
In base 11, what is 1408a59 + 0?
1408a59
In base 3, what is -200 - 1211002012?
-1211002212
In base 13, what is 23 + -4883?
-4860
In base 15, what is -3ea8a + -4?
-3ea8e
In base 14, what is 6d8a9 - 1?
6d8a8
In base 14, what is 193d5 + -d?
193c6
In base 7, what is -345263 - -61?
-345202
In base 16, what is 5 + 27cdb?
27ce0
In base 13, what is -1 + 2038?
2037
In base 2, what is -1011000 + -11110110?
-101001110
In base 2, what is 101100011110 - 11010?
101100000100
In base 13, what is -17802 - 19?
-1781b
In base 3, what is 20202111121 - -222?
20202112120
In base 13, what is -230751b + -3?
-2307521
In base 4, what is -11 - -331033300?
331033223
In base 16, what is c - 2fcec?
-2fce0
In base 9, what is 1373 + -7?
1365
In base 6, what is -1 + -123421?
-123422
In base 3, what is 0 + -2222212122?
-2222212122
In base 4, what is -312201 - -2?
-312133
In base 3, what is 10011211 - -1000?
10012211
In base 4, what is 120200 + 11112?
131312
In base 3, what is -102111012221 + 10?
-102111012211
In base 9, what is -3 + -1174575?
-1174578
In base 12, what is -68 - 86?
-132
In base 5, what is -4310241 - -42?
-4310144
In base 14, what is 2c39 + 4?
2c3d
In base 16, what is -ce - -47ea?
471c
In base 11, what is -27 - 694?
-710
In base 2, what is -1001010100010011 + -110100?
-1001010101000111
In base 13, what is -971 - 10?
-981
In base 15, what is 4607 + -49?
45ad
In base 14, what is -8624 + 8?
-861a
In base 7, what is -1 - -5620?
5616
In base 7, what is -42 - -20125?
20053
In base 14, what is 3 + -53a2?
-539d
In base 14, what is -26 + -924?
-94a
In base 14, what is -203d - 9?
-2048
In base 15, what is -10137 + 24?
-10113
In base 11, what is -1 - 30216a?
-302170
In base 11, what is 21680 - 1?
2167a
In base 4, what is -201030 + -31023?
-232113
In base 14, what is 1666 + 3?
1669
In base 6, what is 5 - 3121212?
-3121203
In base 12, what is 20 - -3263?
3283
In base 6, what is 1100 + 211254?
212354
In base 12, what is 3 - 3a2969?
-3a2966
In base 6, what is -1423 + 22025?
20202
In base 14, what is -6067 - -4?
-6063
In base 15, what is 1e + -9e25?
-9e06
In base 2, what is 10 + -11011110?
-11011100
In base 15, what is 0 + 1edd?
1edd
In base 11, what is -1611a - -4?
-16116
In base 6, what is -1 + -114413?
-114414
In base 10, what is -5 - 573770?
-573775
In base 11, what is -2 - 83818?
-8381a
In base 13, what is -3427 - 1?
-3428
In base 3, what is 110021 + -22102002?
-21221211
In base 16, what is -2a0 + 1a?
-286
In base 12, what is 345672 + -2?
345670
In base 3, what is 1 - -112212121?
112212122
In base 4, what is -3122031 + 103?
-3121322
In base 15, what is -8 - 7b067?
-7b070
In base 11, what is 5 - -3973?
3978
In base 2, what is 11100001 + -1110011?
1101110
In base 5, what is -2320041 - -1?
-2320040
In base 4, what is 210313 - 2123?
202130
In base 12, what is 2 + a197?
a199
In base 14, what is -55c7 + -13?
-55da
In base 6, what is 21203 + 111?
21314
In base 5, what is 33 - 20230?
-20142
In base 12, what is -113 - -1246?
1133
In base 4, what is 12312 + -122?
12130
In base 11, what is 11095 + 256?
11340
In base 10, what is -247850 - 1?
-247851
In base 3, what is 10 + -100021020?
-100021010
In base 14, what is 27a8 - 87?
2721
In base 10, what is 0 + -112499?
-112499
In base 10, what is -8629 + -11?
-8640
In base 6, what is 1134 - 114214?
-113040
In base 15, what is 59c2d - 0?
59c2d
In base 10